+ 8 + 16 = 5*l. What is the highest common factor of 6 and l?
6
Suppose -2*a + 7 = -4*u + 25, -6 = a - u. Let x be (a - -4)/((-4)/(-196)). Calculate the highest common divisor of x and 7.
7
Let p be ((1 - -1) + -44)*(-3)/6. Suppose 0 = -7*z + 3*z + 56. What is the greatest common divisor of z and p?
7
Suppose 2*g - 5*c = 107, -2*c - 254 = -0*g - 4*g. Let d(p) = 2*p - 18. Let m be d(12). What is the highest common divisor of m and g?
6
Suppose -k + 0*k + 45 = 0. Calculate the highest common factor of k and 5.
5
Let p(y) = -640*y. Let o be p(-1). Let u be o/35 - 2/7. Suppose 4*q - 6*q + u = 0. Calculate the highest common divisor of 3 and q.
3
Let k = 187 - 92. Calculate the highest common divisor of 38 and k.
19
Let z(i) = 2*i**2 + 4*i - 21. Let a be z(6). Suppose 15 = g - 3*n, 0*n + 15 = g + 4*n. What is the highest common factor of a and g?
15
Let t(g) = -g**3 - 5*g**2 - 5*g + 4. Let h be t(-4). Let k(r) = 4*r - 12. Let m be k(8). Calculate the highest common factor of m and h.
4
Let k(z) be the second derivative of 29*z**4/6 - z**3/6 + z**2/2 - z. Let f be k(2). What is the highest common divisor of f and 21?
21
Suppose -9 = -3*i + 2*i. Suppose 3*m = -4*b + 50, -4*m + b - 6*b = -67. Calculate the highest common divisor of m and i.
9
Let c be ((-40)/(-24))/(1/51). Let q(k) = 16*k + 1. Let g be q(1). What is the highest common factor of c and g?
17
Let t(b) = 226*b**3 - b - 1. Let p be t(-1). Suppose 3*j - 378 = 2*j. Let w = j + p. What is the highest common factor of 19 and w?
19
Suppose 5*u = 5*i - 955, i - 2*u - 756 = -3*i. Let r = -81 + 135. Let g = -37 + r. What is the highest common divisor of g and i?
17
Let q be 198*3/6*2. Calculate the greatest common factor of q and 22.
22
Let z(v) be the first derivative of -v**3/3 + 5*v**2/2 - 2*v - 2. Let n be z(4). Let k be 50*((-12)/(-5) - n). What is the greatest common factor of 50 and k?
10
Let q(x) = x**2 - 5*x + 6. Let f be q(7). Suppose 0*u = 5*l + 2*u + 62, 5*l + 66 = -u. Let j = 24 + l. What is the highest common factor of j and f?
10
Let d be (-5)/((-15)/(-198)) + 2. Let s = 189 + -65. Let l = d + s. What is the highest common divisor of l and 24?
12
Suppose -2*c - 2*c + 8 = 0. Suppose -3*q + c*r + 20 - 5 = 0, -4*q - 3 = 5*r. What is the greatest common factor of q and 3?
3
Let w = -4 - -23. Calculate the highest common divisor of w and 133.
19
Let s(f) be the third derivative of 0*f - f**3 - 1/120*f**6 - 1/10*f**5 + 0 - 1/12*f**4 + 2*f**2. Let i be s(-6). What is the highest common factor of i and 2?
2
Let s be 3/7 - 33/(-21) - -163. What is the greatest common divisor of 15 and s?
15
Let c = -85 + 189. Let h = c - 39. Calculate the greatest common factor of h and 26.
13
Let m be (0 - 0) + -1 + 1. Let s be ((-26 - 0) + m)/(-1). Suppose 4*l + 5 = 57. What is the greatest common divisor of s and l?
13
Suppose 2*b - 244 + 64 = 0. Let k be 2/4 - 95/(-10). Calculate the greatest common factor of b and k.
10
Suppose -v = -755 + 733. Let o = -46 + 79. What is the highest common factor of v and o?
11
Let s(r) = r**2 + 15*r - 30. Let b be s(-17). What is the highest common divisor of 2 and b?
2
Let z = -29 + 50. Calculate the highest common divisor of 3 and z.
3
Let u be 1/((-2)/(-86)) + 2. Suppose -4*f - 3*r - 39 - 21 = 0, -2*f = -3*r + 30. Let s = -10 - f. What is the highest common factor of s and u?
5
Suppose -2*q = -5*q + 24. What is the greatest common divisor of q and 2?
2
Suppose 0 = 2*c - 7*c - 75. Suppose -3*s - g + 212 = 0, s + 2*g - g = 70. Let o = c + s. What is the greatest common factor of o and 14?
14
Let y = 143 - 125. Suppose -4*w + 9 = 1. Calculate the highest common factor of y and w.
2
Let d(n) = n**3 - 12*n**2 - 7*n - 12. Let q be d(13). Let a = -18 + 8. Let w be 4/a - 32/(-5). Calculate the highest common factor of w and q.
6
Let p be (-56)/(-6) - 1/3. Let r(w) = 1 - 4 + 5 - 10*w**2 + 11*w + w**3 + 4. Let a be r(p). What is the greatest common divisor of 8 and a?
8
Suppose 49 - 5 = 3*z + 5*q, -q = -5*z + 36. What is the highest common factor of z and 8?
8
Let g be 6/9 + 8/(-12). Suppose g*r - 2*r = -36. What is the highest common factor of 72 and r?
18
Suppose -5*s + 10*s - 20 = 0. What is the highest common factor of 1 and s?
1
Suppose -3*v = 5*w - 9, 4*w - 2*w = v - 3. Suppose 0 = -w*t - 2*t + 26. Calculate the highest common divisor of 65 and t.
13
Let c = -12 + 12. Suppose 0 = -c*j + j - 56. What is the greatest common factor of j and 7?
7
Let c = -35 - -59. Let w = 12 + c. Calculate the highest common factor of w and 12.
12
Let k(p) = -11*p - 4. Let z be k(-4). Suppose -b + 4 = 0, 4*y = -y + 4*b + 184. Suppose y = -2*o + 7*o. Calculate the greatest common divisor of z and o.
8
Suppose h + 5*u - 6 = 7, -5*u + 39 = 3*h. Suppose -h*f = -9*f - 48. What is the highest common divisor of 48 and f?
12
Let x = -78 + 79. Calculate the highest common factor of 3 and x.
1
Suppose 2*c - 3*c = -8. Let n(u) = u**2 - 2. Let l be n(-2). Calculate the highest common factor of l and c.
2
Let h be 4/5*(-15)/(-6). Let y be (-16*h)/((-6)/15). Calculate the highest common divisor of 16 and y.
16
Suppose 3 = v + 2*v. Let n be 1/v + 270/6. What is the highest common factor of n and 69?
23
Let c be 2 + (3 - 2) + 2. Calculate the highest common divisor of 80 and c.
5
Let o = 404 - 173. What is the greatest common divisor of 21 and o?
21
Suppose 0 = 2*h - 4*h + 6. Calculate the greatest common divisor of 15 and h.
3
Suppose -55*w = -57*w + 96. Let l be (-16)/(-2)*4/2. Calculate the greatest common divisor of w and l.
16
Suppose 2 + 1 = b. Suppose -11 = -4*u + b*o + 12, 4*u + 5*o + 17 = 0. What is the greatest common divisor of 16 and u?
2
Let d be 2/5*(-120)/(-2). Calculate the greatest common factor of 6 and d.
6
Let o = -51 + 83. Let n = o - 16. What is the highest common divisor of 4 and n?
4
Suppose -64 = -y + 3*t, -4*y + 2*y - 2*t = -96. What is the greatest common factor of y and 13?
13
Let s(w) = 5*w**2 - 9*w - 18. Let o be s(-2). Calculate the highest common divisor of 180 and o.
20
Let t be (-30)/(-1)*3*(-15)/(-18). What is the greatest common divisor of 45 and t?
15
Let p(c) = -c**2 + 104. Let s be p(0). Suppose 4*t - o - 102 = 0, -5*t + 3*o = 2*o - 128. Calculate the greatest common divisor of t and s.
26
Suppose -6 = 5*w + 3*s - 37, 5*s = 10. What is the greatest common factor of w and 5?
5
Suppose -9 = -5*m + 6. Suppose 3*h + 0*d - 48 = -m*d, 0 = -3*h + 3*d + 42. Calculate the highest common divisor of 6 and h.
3
Suppose -4 = s + 1, -284 = -3*h + 4*s. Let m = 21 - 13. What is the highest common divisor of m and h?
8
Suppose -616 = -3*k - 4*k. Calculate the greatest common divisor of 44 and k.
44
Let g(r) be the first derivative of -r**4/4 + 2*r**3 + 3*r**2/2 - 10*r - 6. Let b be g(5). What is the greatest common factor of b and 210?
30
Let n be (4 + 0)/(-2)*-1. Calculate the greatest common factor of 2 and n.
2
Let z(m) = -m**3 + 5*m**2 - 4. Let f be z(5). Let n be 34 + f*(-4)/16. Calculate the highest common factor of n and 7.
7
Suppose v - 8 = -0*v. Let h(w) = w**3 + 5*w**2 + 5*w + 3. Let j be h(-3). Let t be j + (-3 - 0) - -1. What is the greatest common divisor of t and v?
4
Suppose w = 8*h - 3*h - 70, -2*h + 4*w = -10. What is the greatest common factor of h and 10?
5
Let p(l) = l**3 - 15*l**2 + 16*l - 17. Let j be p(14). What is the greatest common factor of 99 and j?
11
Let t = 140 - 76. What is the highest common factor of t and 96?
32
Suppose 4*h + m + 41 = 0, 0 = -4*m - 5 + 1. Let p be (27/(-15))/(3/h). What is the greatest common factor of p and 6?
6
Let y be (31 + 4/2)*1. Let t(i) = i - 4. Let m be t(7). Suppose -2*z - 22 = -m*z. Calculate the greatest common divisor of z and y.
11
Let v(z) = 9*z - 6. Let w(j) = 27*j - 19. Let q(f) = 8*v(f) - 3*w(f). Let y be q(-8). Let c be y/(-3)*22/(-6). What is the highest common factor of 9 and c?
9
Let l(i) be the first derivative of 17*i**3/3 - i**2/2 + 2*i + 2. Let d be l(3). What is the highest common factor of d and 19?
19
Let r be 0 + -3 - (-1 + -16). Let p = 24 - r. What is the greatest common factor of 15 and p?
5
Let x(c) = c**2 - 11*c - 16. Let y be x(13). What is the greatest common factor of 70 and y?
10
Suppose 5*x - 34 = -9. Let t = -17 + 18. What is the greatest common divisor of t and x?
1
Suppose -4*z = -0*z -